culate the remainder when 267 is divided by 68.
63
Calculate the remainder when 301 is divided by 76.
73
What is the remainder when 304 is divided by 9?
7
What is the remainder when 107 is divided by 27?
26
What is the remainder when 378 is divided by 95?
93
What is the remainder when 266 is divided by 28?
14
Calculate the remainder when 490 is divided by 133.
91
What is the remainder when 1079 is divided by 47?
45
What is the remainder when 200 is divided by 22?
2
Calculate the remainder when 207 is divided by 19.
17
What is the remainder when 890 is divided by 28?
22
Calculate the remainder when 120 is divided by 28.
8
What is the remainder when 317 is divided by 32?
29
Calculate the remainder when 653 is divided by 14.
9
Calculate the remainder when 592 is divided by 29.
12
What is the remainder when 164 is divided by 112?
52
Calculate the remainder when 162 is divided by 33.
30
What is the remainder when 17 is divided by 9?
8
What is the remainder when 364 is divided by 89?
8
What is the remainder when 512 is divided by 52?
44
Calculate the remainder when 3119 is divided by 52.
51
Calculate the remainder when 657 is divided by 634.
23
Calculate the remainder when 867 is divided by 186.
123
Calculate the remainder when 637 is divided by 15.
7
Calculate the remainder when 33324 is divided by 31.
30
What is the remainder when 618 is divided by 603?
15
What is the remainder when 1534 is divided by 24?
22
What is the remainder when 134 is divided by 44?
2
What is the remainder when 1276 is divided by 632?
12
What is the remainder when 754 is divided by 59?
46
What is the remainder when 3336 is divided by 416?
8
Calculate the remainder when 347 is divided by 118.
111
What is the remainder when 6658 is divided by 37?
35
Calculate the remainder when 569 is divided by 143.
140
What is the remainder when 375 is divided by 54?
51
Calculate the remainder when 111 is divided by 26.
7
Calculate the remainder when 2235 is divided by 26.
25
Calculate the remainder when 34 is divided by 26.
8
Calculate the remainder when 1241 is divided by 318.
287
What is the remainder when 413 is divided by 11?
6
What is the remainder when 43 is divided by 19?
5
Calculate the remainder when 9543 is divided by 86.
83
What is the remainder when 21400 is divided by 87?
85
What is the remainder when 93 is divided by 48?
45
What is the remainder when 106 is divided by 18?
16
What is the remainder when 133 is divided by 84?
49
What is the remainder when 138 is divided by 84?
54
Calculate the remainder when 561 is divided by 275.
11
Calculate the remainder when 46 is divided by 45.
1
What is the remainder when 130 is divided by 48?
34
Calculate the remainder when 25 is divided by 9.
7
Calculate the remainder when 8677 is divided by 62.
59
Calculate the remainder when 1469 is divided by 42.
41
Calculate the remainder when 442 is divided by 8.
2
What is the remainder when 133 is divided by 8?
5
Calculate the remainder when 382 is divided by 32.
30
Calculate the remainder when 1181 is divided by 232.
21
Calculate the remainder when 491 is divided by 225.
41
What is the remainder when 1928 is divided by 1928?
0
Calculate the remainder when 272 is divided by 39.
38
What is the remainder when 741 is divided by 356?
29
Calculate the remainder when 254 is divided by 32.
30
Calculate the remainder when 246 is divided by 63.
57
What is the remainder when 259 is divided by 61?
15
Calculate the remainder when 6652 is divided by 47.
25
Calculate the remainder when 135 is divided by 69.
66
Calculate the remainder when 27 is divided by 4.
3
What is the remainder when 32 is divided by 13?
6
Calculate the remainder when 4274 is divided by 853.
9
Calculate the remainder when 3632 is divided by 21.
20
What is the remainder when 189 is divided by 32?
29
Calculate the remainder when 4799 is divided by 25.
24
Calculate the remainder when 95 is divided by 7.
4
Calculate the remainder when 364 is divided by 21.
7
What is the remainder when 57 is divided by 12?
9
Calculate the remainder when 489 is divided by 38.
33
Calculate the remainder when 1399 is divided by 186.
97
What is the remainder when 144 is divided by 34?
8
Calculate the remainder when 1425 is divided by 28.
25
Calculate the remainder when 6913 is divided by 19.
16
Calculate the remainder when 4319 is divided by 1077.
11
What is the remainder when 1197 is divided by 50?
47
Calculate the remainder when 46 is divided by 14.
4
Calculate the remainder when 19 is divided by 16.
3
What is the remainder when 809 is divided by 28?
25
What is the remainder when 538 is divided by 21?
13
What is the remainder when 2723 is divided by 29?
26
What is the remainder when 284 is divided by 144?
140
Calculate the remainder when 207 is divided by 52.
51
Calculate the remainder when 246 is divided by 23.
16
Calculate the remainder when 470 is divided by 154.
8
What is the remainder when 925 is divided by 307?
4
Calculate the remainder when 397 is divided by 55.
12
What is the remainder when 832 is divided by 258?
58
Calculate the remainder when 305 is divided by 178.
127
What is the remainder when 613 is divided by 56?
53
Calculate the remainder when 296 is divided by 6.
2
Calculate the remainder when 786 is divided by 111.
9
What is the remainder when 503 is divided by 228?
47
Calculate the remainder when 2172 is divided by 81.
66
What is the remainder when 3508 is divided by 117?
115
Calculate the remainder when 601 is divided by 9.
7
Calculate the remainder when 157 is divided by 53.
51
What is the remainder when 753 is divided by 48?
33
What is the remainder when 68 is divided by 28?
12
Calculate the remainder when 211 is divided by 68.
7
What is the remainder when 28 is divided by 20?
8
What is the remainder when 1010 is divided by 328?
26
What is the remainder when 259 is divided by 27?
16
What is the remainder when 21 is divided by 4?
1
Calculate the remainder when 622 is divided by 66.
28
Calculate the remainder when 2974 is divided by 35.
34
Calculate the remainder when 628 is divided by 185.
73
Calculate the remainder when 6536 is divided by 26.
10
Calculate the remainder when 1679 is divided by 834.
11
What is the remainder when 1225 is divided by 23?
6
Calculate the remainder when 472 is divided by 42.
10
What is the remainder when 133 is divided by 27?
25
What is the remainder when 3901 is divided by 61?
58
Calculate the remainder when 1384 is divided by 456.
16
What is the remainder when 8097 is divided by 162?
159
Calculate the remainder when 906 is divided by 6.
0
What is the remainder when 353 is divided by 175?
3
What is the remainder when 1917 is divided by 137?
136
What is the remainder when 111 is divided by 39?
33
Calculate the remainder when 63 is divided by 12.
3
Calculate the remainder when 334 is divided by 50.
34
Calculate the remainder when 2885 is divided by 957.
14
What is the remainder when 574 is divided by 25?
24
What is the remainder when 211 is divided by 26?
3
What is the remainder when 3878 is divided by 969?
2
Calculate the remainder when 624 is divided by 153.
12
What is the remainder when 51 is divided by 21?
9
What is the remainder when 531 is divided by 6?
3
What is the remainder when 72 is divided by 15?
12
Calculate the remainder when 357 is divided by 94.
75
What is the remainder when 485 is divided by 353?
132
What is the remainder when 1145 is divided by 25?
20
Calculate the remainder when 509 is divided by 85.
84
Calculate the remainder when 17 is divided by 16.
1
Calculate the remainder when 1670 is divided by 38.
36
Calculate the remainder when 672 is divided by 110.
12
What is the remainder when 127 is divided by 55?
17
What is the remainder when 251 is divided by 53?
39
What is the remainder when 1165 is divided by 32?
13
What is the remainder when 300 is divided by 17?
11
Calculate the remainder when 4021 is divided by 1986.
49
Calculate the remainder when 173 is divided by 40.
13
Calculate the remainder when 51 is divided by 18.
15
Calculate the remainder when 382 is divided by 55.
52
Calculate the remainder when 11015 is divided by 102.
101
Calculate the remainder when 801 is divided by 16.
1
Calculate the remainder when 256 is divided by 26.
22
What is the remainder when 1547 is divided by 770?
7
C